be x(z). Suppose 0 = 3*v + o - 25. What are the prime factors of v?
2
What are the prime factors of (4 + -6)/(2/(-20))?
2, 5
Let n be 124/(-5) - (-2)/(-10). Let f = 1 - n. List the prime factors of f.
2, 13
Let n(r) = -r**2 - 2*r + 3. Let l be n(-3). Suppose -2*m - 3*m + 95 = l. List the prime factors of m.
19
Suppose 5*r + l = 17, -3*r - 2 + 5 = -3*l. Suppose -r*d = -5*p - 0*d + 99, -6 = 2*d. Let f = p - 6. What are the prime factors of f?
2, 3
Suppose 153*i - 152*i - 194 = 0. List the prime factors of i.
2, 97
Let o(a) = -13*a + 8 - 2*a - 6. List the prime factors of o(-2).
2
Suppose -46*w + 44*w = -218. List the prime factors of w.
109
Suppose -2*t = -7*t - 3*p + 22, -2*p + 13 = 3*t. Suppose -t*v = -v - 132. Suppose -3*f = 6, 3*f = -4*j + v + 29. What are the prime factors of j?
17
Suppose -16 = -2*q + 14. List the prime factors of q.
3, 5
Let w(u) = u**2 - 8*u + 13. List the prime factors of w(7).
2, 3
Let h = 58 - -1. List the prime factors of h.
59
Let x be (-6)/4*4/(-3). Suppose -h = -x*h. Suppose h = 4*j - 2*j - 4*c - 28, 0 = -j - c + 14. List the prime factors of j.
2, 7
Suppose -8*y + 34 = k - 4*y, 4*y - 94 = -3*k. What are the prime factors of (-20)/6*(-36)/k?
2
Suppose -2 + 27 = 5*z. Let v be 64/6 + (-4)/6. Suppose z*a - v = 5. List the prime factors of a.
3
Let x(n) = -1 + 0*n - 3*n + 0. What are the prime factors of x(-2)?
5
Let t = 602 - 354. List the prime factors of t.
2, 31
Suppose b + 2 = 21. List the prime factors of b.
19
Suppose 0 = 5*i + 5*t - 20, 4*i = -0*i - 2*t + 18. Suppose 0 = 3*y - i*y + 78. What are the prime factors of y?
3, 13
Suppose q + 16 = 18. What are the prime factors of (-48)/(-2) - (q + -4)?
2, 13
Let q = -15 - -28. Let w = q + -10. What are the prime factors of w?
3
Let k(y) = y**3 - 3*y**2 - 4*y + 6. Let i(l) = l**3 - 6*l**2 - 2*l + 9. Let u be i(6). Let p be (2 - 0 - u) + -1. List the prime factors of k(p).
2, 3
Suppose -f - 1 = -8. Let x be (25/15)/((-1)/(-9)). Let a = f + x. List the prime factors of a.
2, 11
Suppose -10*j + 3*j = -525. What are the prime factors of j?
3, 5
Suppose -h + 6 = -63. What are the prime factors of h?
3, 23
Suppose -4*s + 3 = p - 18, 0 = 3*p + 2*s - 13. Suppose -3*t = -5 - p. Suppose -t*u - z + 9 = 0, 0 = u - z - 6 - 0. List the prime factors of u.
5
Let k = 147 - 70. What are the prime factors of k?
7, 11
Let k be 8/4 - -7*2. Suppose 4*r - 24 = k. List the prime factors of r.
2, 5
Let g = -1 - -7. Let t = g - -12. List the prime factors of t.
2, 3
Let s = 71 - 27. List the prime factors of s.
2, 11
Let v = -11 - 1. Let p be 40/6*v/(-10). Suppose 4*x = 2*x + 2*y + p, -5*y - 5 = 0. What are the prime factors of x?
3
Let a(l) = -l**3 - 7*l**2 - 6*l + 6. Let q be a(-6). Let z = q + 1. List the prime factors of z.
7
Let a = -5 + 5. Suppose a*f - 9 = -3*f. List the prime factors of f.
3
Let i(f) = -f + 0*f**2 - 3*f**2 - 7*f + 3 + 4*f**2. Let w be i(8). Suppose -w*r + 0*r = -5*v + 71, 23 = v - 5*r. What are the prime factors of v?
13
Let p = 3 - 1. Suppose 0 = p*f + f - 42. What are the prime factors of f?
2, 7
Suppose -2*m + v - 2*v = 5, 0 = -4*m + 3*v + 15. Suppose -2 = o - 4*u - 8, -4*o - 5*u - 18 = m. What are the prime factors of o/(-6) - 40/(-6)?
7
Let z(b) = -25*b - 9. List the prime factors of z(-3).
2, 3, 11
List the prime factors of -1 - (-4 - 1) - -26.
2, 3, 5
Suppose w = -3*y - y - 75, -85 = 5*y + 3*w. Let k = -14 - y. Let h(m) = m**2 - 6*m + 7. List the prime factors of h(k).
7
Let p be ((-6)/(-4))/(3/6). Suppose -h + 0*h = -p. Suppose h*k - 56 = 5*i, -3*i - 11 = 1. What are the prime factors of k?
2, 3
Suppose a = -a + 4. Let y be (8/12)/(a/15). List the prime factors of 1*4*y/4.
5
Let b = 179 - 81. What are the prime factors of b?
2, 7
Let i be 16/(0 + 2) - 0. Suppose 4*k = 4*l + 4, -l - l - i = -4*k. Suppose -3*p = -l*p - 10. List the prime factors of p.
2, 5
List the prime factors of 5/20 - (-105)/12.
3
Suppose -3*k + u + 8 = 0, 5*u - u = -3*k - 17. What are the prime factors of 3*k*(7 + -3)?
2, 3
Let c = -4 - -4. Let i be (-11)/(c - (-1)/(-3)). Suppose -2*l - 4*z = -z - i, -2*z + 6 = 0. List the prime factors of l.
2, 3
Let q be 9 + 24 - (1 - 0). Let f = -15 + q. List the prime factors of f.
17
Let a(f) = 2*f + 19. What are the prime factors of a(12)?
43
Let b be (-12)/4*-1 + 0. Suppose -2*v - b + 7 = 0. List the prime factors of v.
2
Let n(f) = 1 + 0*f - f + 0 - 4*f**2. Let s be n(1). List the prime factors of ((-1)/(-3))/(s/(-36)).
3
Let j(q) = -q**3 - 3*q**2 + 5*q - 2. Let y be j(-4). Let m be (0 - (-15)/y)*-2. List the prime factors of 14/(-3 + -1 + m).
2, 7
Let w be (-1 + 21)/((-7)/(-7)). What are the prime factors of ((-4)/5)/((-1)/w)?
2
Suppose -2*q - 5*o + o = -62, 4*q = -o + 110. List the prime factors of q.
3
Suppose 2*a - 2*w = 7*a - 135, -3*w = -a + 10. What are the prime factors of a?
5
Suppose 0 = -d - 0*d. Suppose 2*q - 78 = -2*h + 4*q, d = -5*q - 15. Suppose -b = 2*b - h. List the prime factors of b.
2, 3
Let o(b) = 18*b - 2. Let a(s) = 9*s - 1. Let p(i) = 7*a(i) - 4*o(i). Let r be p(-3). What are the prime factors of 3/2*r/6?
7
Let i = -57 - -81. List the prime factors of i.
2, 3
Suppose -7*k + 2*k = -60. Suppose -4*b = -k - 4. Suppose 3*v - 8*v + 36 = b*w, -3*v + 36 = 4*w. List the prime factors of w.
3
Let o(f) be the first derivative of f**5/4 + f**4/12 - f**3/3 + f**2/2 - 2*f - 3. Let g(z) be the first derivative of o(z). List the prime factors of g(1).
5
Suppose 4*c + k - 108 = 0, -3*c - 2*c - k = -136. What are the prime factors of c?
2, 7
Suppose -7*k + 0*k = -420. List the prime factors of k.
2, 3, 5
Let u(a) = -a - 4. Let d be u(5). What are the prime factors of ((-13)/(-3))/((-3)/d)?
13
Suppose 0 = -4*i - 5*a + 37, 4*a - 28 = -i - 2*i. Let s = i + -25. Let y = 30 + s. List the prime factors of y.
13
Let j(q) = -q**2 + 9*q - 4. Let r be j(6). Suppose -2*w + 5*m + 35 = 0, -w = -2*m - r - 3. List the prime factors of w.
3, 5
Suppose -2*x = -0*x - 26. What are the prime factors of x?
13
Let q = 3 + -12. Let m(r) = 2*r**2 + 15*r + 7. Let a(g) = 3*g**2 + 22*g + 10. Let w(z) = 5*a(z) - 8*m(z). List the prime factors of w(q).
3
Let n(d) = d - 4. List the prime factors of n(7).
3
Suppose 0 = -j + 4 - 6. Suppose 0 = -g - 0*g - 5. What are the prime factors of (g/2 + 0)*j?
5
Suppose 13 = -m + 40. Suppose 2*j - m = -5*y, -6 - 3 = -3*y. Suppose j = 3*n - 0. What are the prime factors of n?
2
Let x(v) = 6*v**3 - 2*v**2 - v + 2. Let z be x(1). Suppose -z*m + 3*b + 21 = 0, -18 = -4*m + 2*b - 0*b. What are the prime factors of m?
2, 3
Let d be ((1 + 14)*-1)/(-1). Suppose 0 = 5*w + a - d, 0*a = -2*w - a + 6. List the prime factors of w.
3
Let g = 89 + -56. What are the prime factors of g?
3, 11
Suppose 175 = 5*a + 5*i, 4*a = -0*a + 2*i + 134. List the prime factors of a.
2, 17
Suppose -r = 7 - 2, 0 = -3*h + r + 89. List the prime factors of h.
2, 7
Let o = -10 - -6. Let s = 15 - o. List the prime factors of s.
19
Let t be (10/6)/((-1)/(-3)). Suppose -3*a - 2*a - 9 = 4*c, 41 = 4*c - t*a. Let z = 7 + c. List the prime factors of z.
11
Let g(h) = 41*h**2 - 3*h + 3. What are the prime factors of g(2)?
7, 23
Let v = 1 - 10. Let s be (-543)/(-12) + v/(-12). Suppose 5*y - s = -2*q, 0 = -2*y - 4*q - 12 + 40. List the prime factors of y.
2
Suppose 205 = 5*z - 0*z. What are the prime factors of z?
41
Let w(h) = -4*h**2 + 5*h**2 + 12 - h**3 + 26. List the prime factors of w(0).
2, 19
Let o(x) = -2*x. Let a be o(-2). Suppose 0 = 5*i - 4*g + 4, -a + 0 = -4*g. List the prime factors of 1 - (i/3 + -2).
3
Let v = -377 - -638. List the prime factors of v.
3, 29
Let i = -335 - -480. List the prime factors of i.
5, 29
Let j(k) = -k**2 + 5. Let t be j(0). Suppose -50 = -5*b + 5*u + 20, -t*b - 4*u = -52. List the prime factors of (5/(-3))/((-2)/b).
2, 5
Suppose -5*a + 2*h = -2*h - 203, 4*a - h = 169. List the prime factors of a.
43
Let x = 126 - 27. What are the prime factors of x?
3, 11
Let f = 399 + -231. List the prime factors of f.
2, 3, 7
Let k be 15/6 - (-6)/4. Suppose 0 = -k*f + 132 + 24. List the prime factors of f.
3, 13
Let p = 2 + 40. List the prime factors of p.
2, 3, 7
Suppose -4*n - 6 = -26, -4*t + 4*n - 4 = 0. Suppose t*k = 22 - 6. List the prime factors of k.
2
Let t be (-2)/4 - 5/(-2). Suppose 30 = -t*j + 7*j. What are the prime factors of j?
2, 3
Wha